f 13 and 23746957?
13
What is the greatest common factor of 13 and 761?
1
What is the greatest common divisor of 159442 and 406?
58
Calculate the greatest common factor of 1040 and 560.
80
Calculate the greatest common divisor of 441 and 909.
9
Calculate the highest common divisor of 33 and 7425.
33
What is the highest common factor of 190 and 36670?
190
Calculate the highest common factor of 1339 and 19123.
13
What is the greatest common factor of 22 and 335687?
11
What is the highest common divisor of 3911 and 3?
1
Calculate the greatest common divisor of 28386 and 11454.
498
Calculate the greatest common factor of 4462455 and 15.
15
What is the highest common divisor of 310998 and 510?
102
What is the greatest common factor of 11542 and 8159?
199
What is the greatest common divisor of 9790 and 57310?
110
What is the greatest common factor of 1034 and 795146?
1034
Calculate the greatest common factor of 84296 and 136.
8
Calculate the greatest common divisor of 206321 and 532.
19
What is the highest common factor of 5495 and 1540?
35
Calculate the greatest common divisor of 41147 and 207.
23
Calculate the greatest common divisor of 7735 and 364.
91
What is the highest common factor of 1920 and 352?
32
Calculate the greatest common divisor of 3821092 and 44.
44
What is the greatest common divisor of 5668 and 14824?
436
What is the highest common factor of 177102 and 54?
18
What is the highest common divisor of 2523 and 13311?
87
What is the highest common factor of 20750 and 3735?
415
Calculate the highest common factor of 2360 and 23836.
236
Calculate the greatest common divisor of 2511 and 33.
3
Calculate the greatest common factor of 22302 and 62748.
378
What is the greatest common divisor of 66 and 35628?
6
What is the highest common factor of 460960 and 14740?
1340
What is the greatest common divisor of 2200 and 99?
11
Calculate the greatest common factor of 154 and 197384.
22
What is the greatest common divisor of 890 and 7260?
10
What is the greatest common divisor of 24 and 36488?
8
What is the greatest common divisor of 11580 and 18?
6
What is the highest common divisor of 2384 and 144?
16
Calculate the highest common factor of 3738 and 1701.
21
What is the highest common divisor of 2 and 441146?
2
What is the highest common factor of 484 and 935?
11
What is the greatest common divisor of 2629 and 157979?
239
What is the highest common divisor of 274 and 215638?
274
What is the highest common factor of 3136 and 2688?
448
What is the greatest common factor of 18258 and 113128?
358
What is the greatest common divisor of 2242 and 11191?
19
Calculate the highest common divisor of 2834 and 156.
26
What is the greatest common divisor of 736 and 27324?
92
Calculate the highest common factor of 849160 and 455.
65
Calculate the highest common factor of 16165 and 7102.
53
Calculate the greatest common factor of 6567 and 198.
33
What is the highest common divisor of 1862 and 250586?
98
Calculate the highest common factor of 37688 and 28.
28
Calculate the highest common factor of 1369 and 3811.
37
Calculate the highest common factor of 4 and 137308.
4
What is the highest common factor of 25277 and 1771?
161
Calculate the highest common divisor of 129973 and 5.
1
Calculate the greatest common factor of 855 and 292239.
171
Calculate the greatest common divisor of 214176 and 384.
96
Calculate the greatest common factor of 90560 and 496.
16
What is the greatest common divisor of 105599 and 221?
13
Calculate the greatest common divisor of 11859 and 9849.
201
What is the greatest common factor of 3 and 3513?
3
Calculate the highest common divisor of 609 and 104603.
29
What is the highest common factor of 22 and 58465?
11
Calculate the greatest common factor of 412035 and 13.
13
What is the highest common factor of 306 and 3248326?
34
Calculate the highest common factor of 17357 and 7837.
17
What is the greatest common factor of 1466 and 812897?
733
Calculate the highest common divisor of 1 and 3806.
1
What is the highest common divisor of 1100484 and 108?
36
What is the highest common divisor of 24024 and 1036?
28
Calculate the highest common factor of 367 and 9524751.
367
Calculate the highest common divisor of 173526 and 42.
6
What is the greatest common factor of 3038 and 784?
98
Calculate the greatest common factor of 24544 and 5192.
472
What is the greatest common divisor of 82 and 389910?
82
Calculate the greatest common factor of 2262 and 528216.
78
Calculate the greatest common divisor of 13 and 538174.
13
Calculate the highest common factor of 107 and 103469.
107
What is the greatest common factor of 63522 and 18?
18
Calculate the greatest common factor of 1602 and 90.
18
Calculate the highest common factor of 48 and 159648.
48
What is the highest common divisor of 6882 and 1221?
111
Calculate the highest common factor of 23079 and 254340.
471
What is the highest common factor of 4880 and 671?
61
What is the highest common factor of 148224 and 72?
24
What is the greatest common divisor of 312 and 145548?
156
Calculate the highest common divisor of 407550 and 1320.
330
Calculate the greatest common divisor of 3449 and 11.
1
Calculate the highest common divisor of 112 and 1194039.
7
Calculate the greatest common factor of 3572 and 376.
188
Calculate the greatest common divisor of 840 and 44184.
168
Calculate the greatest common divisor of 119 and 1603.
7
What is the greatest common divisor of 162 and 10746?
54
What is the highest common factor of 455454 and 72?
18
Calculate the highest common factor of 132176 and 16368.
176
What is the highest common divisor of 1742915 and 20?
5
Calculate the greatest common divisor of 222102 and 14823.
243
What is the greatest common factor of 1596 and 1866522?
798
What is the highest common factor of 100 and 1304900?
100
What is the highest common factor of 11998 and 14?
14
Calculate the greatest common divisor of 66762 and 54.
18
Calculate the greatest common divisor of 42 and 98532.
42
What is the greatest common factor of 295 and 3817595?
295
What is the greatest common divisor of 24 and 24321?
3
Calculate the highest common divisor of 6 and 485158.
2
Calculate the highest common factor of 20 and 16224060.
20
Calculate the greatest common factor of 248711 and 2117.
73
Calculate the greatest common divisor of 7345 and 57630.
565
Calculate the greatest common divisor of 138006 and 2618.
374
What is the greatest common divisor of 6744 and 843?
843
What is the highest common factor of 29729 and 434?
217
Calculate the highest common factor of 21 and 261709.
7
Calculate the greatest common factor of 5136 and 2.
2
What is the highest common factor of 8917 and 23377?
241
Calculate the greatest common factor of 20967 and 9.
3
Calculate the highest common divisor of 1427728 and 1088.
272
Calculate the highest common divisor of 159 and 104304.
159
What is the greatest common factor of 1881 and 8910?
99
What is the greatest common divisor of 7588373 and 229?
229
Calculate the greatest common factor of 23002 and 2282.
14
Calculate the highest common divisor of 116109 and 485.
97
What is the greatest common divisor of 262 and 397716?
262
Calculate the highest common divisor of 2254 and 6692126.
2254
What is the greatest common divisor of 16416 and 48032?
608
What is the greatest common divisor of 16 and 1014464?
16
Calculate the greatest common factor of 2323360 and 30.
10
What is the greatest common factor of 11 and 121?
11
What is the greatest common divisor of 5952 and 46686?
186
What is the greatest common factor of 1487 and 1?
1
What is the highest common divisor of 230 and 7406?
46
What is the highest common divisor of 213 and 332209?
71
Calculate the greatest common divisor of 9007896 and 3792.
1896
Calculate the highest common factor of 3036 and 516.
12
What is the greatest common factor of 2090 and 21850?
190
Calculate the greatest common factor of 180567 and 9.
9
What is the greatest common factor of 67553 and 129?
43
Calculate the greatest common divisor of 220853 and 94.
47
Calculate the greatest common divisor of 21 and 358953.
21
Calculate the greatest common factor of 505 and 2615395.
505
Calculate the greatest common factor of 301 and 387.
43
Calculate the highest common factor of 5628 and 2172.
12
C